at is the tens digit of 45?
4
What is the units digit of 138057?
7
What is the units digit of 5506?
6
What is the units digit of 2616?
6
What is the tens digit of 61999?
9
What is the ten thousands digit of 11542?
1
What is the thousands digit of 12824?
2
What is the tens digit of 129?
2
What is the tens digit of 2023?
2
What is the tens digit of 22?
2
What is the units digit of 145?
5
What is the tens digit of 4082?
8
What is the tens digit of 79854?
5
What is the hundreds digit of 4655?
6
What is the tens digit of 651?
5
What is the units digit of 54132?
2
What is the tens digit of 7044?
4
What is the hundreds digit of 9279?
2
What is the hundreds digit of 3923?
9
What is the tens digit of 6449?
4
What is the units digit of 24916?
6
What is the thousands digit of 1319?
1
What is the units digit of 4721?
1
What is the units digit of 46149?
9
What is the thousands digit of 11420?
1
What is the hundreds digit of 2822?
8
What is the thousands digit of 58195?
8
What is the ten thousands digit of 50869?
5
What is the thousands digit of 5036?
5
What is the thousands digit of 3827?
3
What is the ten thousands digit of 18357?
1
What is the tens digit of 2487?
8
What is the units digit of 960?
0
What is the hundreds digit of 13195?
1
What is the thousands digit of 10735?
0
What is the units digit of 48712?
2
What is the hundreds digit of 880?
8
What is the tens digit of 4888?
8
What is the units digit of 15849?
9
What is the units digit of 20487?
7
What is the tens digit of 14466?
6
What is the thousands digit of 2219?
2
What is the units digit of 18766?
6
What is the thousands digit of 1708?
1
What is the thousands digit of 23367?
3
What is the units digit of 1887?
7
What is the thousands digit of 28245?
8
What is the ten thousands digit of 16472?
1
What is the tens digit of 47768?
6
What is the thousands digit of 2785?
2
What is the ten thousands digit of 114264?
1
What is the units digit of 21841?
1
What is the hundreds digit of 1469?
4
What is the tens digit of 28276?
7
What is the tens digit of 372?
7
What is the units digit of 267?
7
What is the tens digit of 45818?
1
What is the ten thousands digit of 46789?
4
What is the thousands digit of 10723?
0
What is the tens digit of 8325?
2
What is the tens digit of 755?
5
What is the thousands digit of 21004?
1
What is the thousands digit of 1022?
1
What is the hundreds digit of 3877?
8
What is the hundreds digit of 7657?
6
What is the tens digit of 54981?
8
What is the tens digit of 466?
6
What is the units digit of 7451?
1
What is the units digit of 26412?
2
What is the units digit of 3810?
0
What is the thousands digit of 6692?
6
What is the ten thousands digit of 11344?
1
What is the hundreds digit of 2748?
7
What is the thousands digit of 30795?
0
What is the hundreds digit of 125962?
9
What is the units digit of 1613?
3
What is the tens digit of 705?
0
What is the units digit of 493?
3
What is the thousands digit of 27933?
7
What is the thousands digit of 4723?
4
What is the tens digit of 21370?
7
What is the tens digit of 161?
6
What is the tens digit of 11928?
2
What is the units digit of 80?
0
What is the units digit of 438?
8
What is the tens digit of 47458?
5
What is the tens digit of 167?
6
What is the tens digit of 1539?
3
What is the units digit of 4906?
6
What is the hundreds digit of 799?
7
What is the units digit of 636?
6
What is the hundreds digit of 20922?
9
What is the units digit of 3447?
7
What is the hundreds digit of 106494?
4
What is the hundreds digit of 2671?
6
What is the tens digit of 273?
7
What is the hundreds digit of 717?
7
What is the hundreds digit of 44503?
5
What is the thousands digit of 3109?
3
What is the thousands digit of 49443?
9
What is the ten thousands digit of 66157?
6
What is the tens digit of 4675?
7
What is the thousands digit of 5937?
5
What is the thousands digit of 37175?
7
What is the tens digit of 3356?
5
What is the units digit of 16146?
6
What is the thousands digit of 18119?
8
What is the tens digit of 6840?
4
What is the ten thousands digit of 49451?
4
What is the tens digit of 30507?
0
What is the hundreds digit of 10142?
1
What is the tens digit of 27938?
3
What is the thousands digit of 5783?
5
What is the tens digit of 4654?
5
What is the tens digit of 2480?
8
What is the units digit of 293?
3
What is the thousands digit of 1482?
1
What is the units digit of 1882?
2
What is the tens digit of 2381?
8
What is the units digit of 64?
4
What is the thousands digit of 20634?
0
What is the ten thousands digit of 14645?
1
What is the tens digit of 486?
8
What is the thousands digit of 1340?
1
What is the thousands digit of 14737?
4
What is the hundreds digit of 849?
8
What is the tens digit of 7637?
3
What is the thousands digit of 23405?
3
What is the thousands digit of 1920?
1
What is the units digit of 1594?
4
What is the units digit of 1342?
2
What is the ten thousands digit of 14511?
1
What is the tens digit of 944?
4
What is the hundreds digit of 97333?
3
What is the thousands digit of 24354?
4
What is the tens digit of 37483?
8
What is the thousands digit of 38410?
8
What is the tens digit of 155?
5
What is the thousands digit of 74840?
4
What is the units digit of 4228?
8
What is the tens digit of 98?
9
What is the ten thousands digit of 89832?
8
What is the tens digit of 1818?
1
What is the units digit of 37125?
5
What is the tens digit of 35374?
7
What is the ten thousands digit of 11335?
1
What is the units digit of 376?
6
What is the ten thousands digit of 11644?
1
What is the units digit of 1647?
7
What is the units digit of 814?
4
What is the units digit of 3343?
3
What is the units digit of 321?
1
What is the thousands digit of 1097?
1
What is the tens digit of 775?
7
What is the thousands digit of 76818?
6
What is the hundreds digit of 82751?
7
What is the thousands digit of 3901?
3
What is the ten thousands digit of 29263?
2
What is the units digit of 28206?
6
What is the tens digit of 1107?
0
What is the tens digit of 3048?
4
What is the thousands digit of 2204?
2
What is the hundreds digit of 7493?
4
What is the tens digit of 5025?
2
What is the tens digit of 1131?
3
What is the hundreds digit of 7590?
5
What is the ten thousands digit of 96890?
9
What is the units digit of 46330?
0
What is the thousands digit of 122255?
2
What is the units digit of 2557?
7
What is the hundreds digit of 1527?
5
What is the ten thousands digit of 19639?
1
What is the ten thousands digit of 10337?
1
What is the hundreds digit of 25493?
4
What is the units digit of 8060?
0
What is the tens digit of 2379?
7
What is the units digit of 2636?
6
What is the units digit of 1198?
8
What is the hundreds digit of 45219?
2
What is the hundreds digit of 18152?
1
What is the ten thousands digit of 59526?
5
What is the tens digit of 856?
5
What is the tens digit of 888?
8
What is the units digit of 1735?
5
What is the thousands digit of 1471?
1
What is the tens digit of 23775?
7
What is the tens digit of 1017?
1
What is the thousands digit of 97389?
7
What is the thousands digit of 67704?
7
What is the thousands digit of 56128?
6
What is the units digit of 2468?
8
What is the hundreds digit of 611?
6
What is the tens digit of 19887?
8
What is the ten thousands digit of 10806?
1
What is the units digit of 3448?
8
What is the units digit of 488?
8
What is the units digit of 967?
7
What is the tens digit of 1076?
7
What is the units digit of 2957?
7
What is the tens digit of 2059?
5
What is the thousands digit of 19372?
9
What is the ten thousands digit of 25659?
2
What is the ten thousands digit of 14227?
1
What is the tens digit of 76254?
5
What is the units digit of 759?
9
What is the thousands digit of 5611?
5
What is the hundreds digit of 19013?
0
What is the thousands digit of 1966?
1
What is the ten thousands digit of 87648?
8
What is the tens digit of 4007?
0
What is the tens digit of 793?
9
What is the units digit of 859?
9
What is the units digit of 2153?
3
What is the units digit of 132?
2
What is the units digit of 1320?
0
What is the ten thousands digit of 49739?
4
What is the tens digit of 6965?
6
What is the thousands digit of 1229?
1
What is the thousands digit of 3784?
3
What is the tens digit of 35054?
5
What is the tens digit of 7543?
4
Wh